{"id":96,"date":"2020-09-02T22:37:10","date_gmt":"2020-09-03T03:37:10","guid":{"rendered":"http:\/\/unitelec.com.pe\/site\/?page_id=96"},"modified":"2021-12-08T19:28:46","modified_gmt":"2021-12-09T00:28:46","slug":"politicas","status":"publish","type":"page","link":"https:\/\/unitelec.com.pe\/site\/politicas\/","title":{"rendered":"Pol\u00edticas"},"content":{"rendered":"\n<div class=\"wp-block-file\"><a href=\"http:\/\/unitelec.com.pe\/site\/wp-content\/uploads\/2020\/09\/Politica-SIG-Ver.-00.pdf\">POL\u00cdTICA DE GESTI\u00d3N INTEGRADA Ver. 00<\/a><a href=\"http:\/\/unitelec.com.pe\/site\/wp-content\/uploads\/2020\/09\/Politica-SIG-Ver.-00.pdf\" class=\"wp-block-file__button\" download>Descarga<\/a><\/div>\n\n\n\n<div class=\"wp-block-file\"><a href=\"http:\/\/unitelec.com.pe\/site\/wp-content\/uploads\/2020\/09\/Politica-Alcohol-y-drogas-Ver.-00.pdf\">POL\u00cdTICA DE ALCOHOL Y DROGAS Ver. 00<\/a><a href=\"http:\/\/unitelec.com.pe\/site\/wp-content\/uploads\/2020\/09\/Politica-Alcohol-y-drogas-Ver.-00.pdf\" class=\"wp-block-file__button\" download>Descarga<\/a><\/div>\n\n\n\n<div class=\"wp-block-file\"><a href=\"http:\/\/unitelec.com.pe\/site\/wp-content\/uploads\/2020\/09\/Politica-Negativa-al-Trabajo-Ver.-00.pdf\">POL\u00cdTICA DE NEGATIVA AL TRABAJO Ver. 00<\/a><a href=\"http:\/\/unitelec.com.pe\/site\/wp-content\/uploads\/2020\/09\/Politica-Negativa-al-Trabajo-Ver.-00.pdf\" class=\"wp-block-file__button\" download>Descarga<\/a><\/div>\n\n\n\n<div class=\"wp-block-file\"><a href=\"http:\/\/unitelec.com.pe\/site\/wp-content\/uploads\/2020\/09\/Politica-Premiacion-y-Promocion-a-la-Seguridad-Ver.-00.pdf\">POL\u00cdTICA DE PREMIACI\u00d3N Y PROMOCI\u00d3N A LA SEGURIDAD Ver. 00<\/a><a href=\"http:\/\/unitelec.com.pe\/site\/wp-content\/uploads\/2020\/09\/Politica-Premiacion-y-Promocion-a-la-Seguridad-Ver.-00.pdf\" class=\"wp-block-file__button\" download>Descarga<\/a><\/div>\n\n\n\n<div class=\"wp-block-file\"><a href=\"http:\/\/unitelec.com.pe\/site\/wp-content\/uploads\/2020\/09\/Politica-Salud-Mental-Fatiga-y-Somnolencia-Ver.-00.pdf\">POL\u00cdTICA DE SALUD MENTAL, FATIGA Y SOMNOLENCIA Ver. 00<\/a><a href=\"http:\/\/unitelec.com.pe\/site\/wp-content\/uploads\/2020\/09\/Politica-Salud-Mental-Fatiga-y-Somnolencia-Ver.-00.pdf\" class=\"wp-block-file__button\" download>Descarga<\/a><\/div>\n\n\n\n<div class=\"wp-block-file\"><a href=\"http:\/\/unitelec.com.pe\/site\/wp-content\/uploads\/2020\/09\/Politica-Suspension-de-labores-Ver.-00.pdf\">POL\u00cdTICA DE SUSPENSI\u00d3N DE LABORES ANTE SITUACIONES INSEGURAS Ver. 00<\/a><a href=\"http:\/\/unitelec.com.pe\/site\/wp-content\/uploads\/2020\/09\/Politica-Suspension-de-labores-Ver.-00.pdf\" class=\"wp-block-file__button\" download>Descarga<\/a><\/div>\n","protected":false},"excerpt":{"rendered":"","protected":false},"author":1,"featured_media":0,"parent":0,"menu_order":0,"comment_status":"closed","ping_status":"closed","template":"","meta":{"footnotes":""},"_links":{"self":[{"href":"https:\/\/unitelec.com.pe\/site\/wp-json\/wp\/v2\/pages\/96"}],"collection":[{"href":"https:\/\/unitelec.com.pe\/site\/wp-json\/wp\/v2\/pages"}],"about":[{"href":"https:\/\/unitelec.com.pe\/site\/wp-json\/wp\/v2\/types\/page"}],"author":[{"embeddable":true,"href":"https:\/\/unitelec.com.pe\/site\/wp-json\/wp\/v2\/users\/1"}],"replies":[{"embeddable":true,"href":"https:\/\/unitelec.com.pe\/site\/wp-json\/wp\/v2\/comments?post=96"}],"version-history":[{"count":4,"href":"https:\/\/unitelec.com.pe\/site\/wp-json\/wp\/v2\/pages\/96\/revisions"}],"predecessor-version":[{"id":419,"href":"https:\/\/unitelec.com.pe\/site\/wp-json\/wp\/v2\/pages\/96\/revisions\/419"}],"wp:attachment":[{"href":"https:\/\/unitelec.com.pe\/site\/wp-json\/wp\/v2\/media?parent=96"}],"curies":[{"name":"wp","href":"https:\/\/api.w.org\/{rel}","templated":true}]}}